{"id":169,"date":"2018-01-02T19:20:24","date_gmt":"2018-01-02T19:20:24","guid":{"rendered":"http:\/\/tandem-flight.de\/?page_id=169"},"modified":"2021-01-01T11:52:26","modified_gmt":"2021-01-01T11:52:26","slug":"gernot","status":"publish","type":"page","link":"http:\/\/tandem-flight.de\/?page_id=169","title":{"rendered":"Gernot"},"content":{"rendered":"<p>Servus und sch\u00f6n dass Du vorbeischaust,<\/p>\n<p>mein Name ist Gernot (Akronot). 2009 kam ich&nbsp; zuf\u00e4llig zu einem Schnupperkurs und hatte sofort die Fliegerei f\u00fcr mich entdeckt. Seither nimmt die Fliegerei so ziemlich jede freie Minute&nbsp; meines Lebens in Anspruch, sei es am Boden, in der Luft oder nur am st\u00e4ndigen weiterbilden in Theorie und Praxis. Als meine Tochter Katharina 2011 am Gardasee einen Tandemflug machte, war sie genau so infiziert wie ich und&nbsp; somit war f\u00fcr mich die Entscheidung gefallen, diese Gef\u00fchl der Freiheit und Gelassenheit auch anderen geben zu wollen und so kam es schlussendlich zum Tandemmaster.<\/p>\n<p>Wenn es mal nicht zum fliegen geht, arbeite ich als IT\u00b4ler oder bin&nbsp; drau\u00dfen zum Laufen, Schwimmen, Wandern oder ganz im Gegensatz zur Fliegerei&nbsp; &#8222;unter Wasser&#8220; beim Tauchen.<\/p>\n","protected":false},"excerpt":{"rendered":"<p>Servus und sch\u00f6n dass Du vorbeischaust, mein Name ist Gernot (Akronot). 2009 kam ich&nbsp; zuf\u00e4llig zu einem Schnupperkurs und hatte sofort die Fliegerei f\u00fcr mich entdeckt. Seither nimmt die Fliegerei so ziemlich jede freie Minute&nbsp; meines Lebens in Anspruch, sei es am Boden, in der Luft oder nur am st\u00e4ndigen weiterbilden in Theorie und Praxis. [&hellip;]<\/p>\n","protected":false},"author":1,"featured_media":666,"parent":34,"menu_order":0,"comment_status":"closed","ping_status":"closed","template":"","meta":[],"_links":{"self":[{"href":"http:\/\/tandem-flight.de\/index.php?rest_route=\/wp\/v2\/pages\/169"}],"collection":[{"href":"http:\/\/tandem-flight.de\/index.php?rest_route=\/wp\/v2\/pages"}],"about":[{"href":"http:\/\/tandem-flight.de\/index.php?rest_route=\/wp\/v2\/types\/page"}],"author":[{"embeddable":true,"href":"http:\/\/tandem-flight.de\/index.php?rest_route=\/wp\/v2\/users\/1"}],"replies":[{"embeddable":true,"href":"http:\/\/tandem-flight.de\/index.php?rest_route=%2Fwp%2Fv2%2Fcomments&post=169"}],"version-history":[{"count":14,"href":"http:\/\/tandem-flight.de\/index.php?rest_route=\/wp\/v2\/pages\/169\/revisions"}],"predecessor-version":[{"id":667,"href":"http:\/\/tandem-flight.de\/index.php?rest_route=\/wp\/v2\/pages\/169\/revisions\/667"}],"up":[{"embeddable":true,"href":"http:\/\/tandem-flight.de\/index.php?rest_route=\/wp\/v2\/pages\/34"}],"wp:featuredmedia":[{"embeddable":true,"href":"http:\/\/tandem-flight.de\/index.php?rest_route=\/wp\/v2\/media\/666"}],"wp:attachment":[{"href":"http:\/\/tandem-flight.de\/index.php?rest_route=%2Fwp%2Fv2%2Fmedia&parent=169"}],"curies":[{"name":"wp","href":"https:\/\/api.w.org\/{rel}","templated":true}]}}

<p>Servus und schön dass Du vorbeischaust,</p>
<p>mein Name ist Gernot (Akronot). 2009 kam ich&nbsp; zufällig zu einem Schnupperkurs und hatte sofort die Fliegerei für mich entdeckt. Seither nimmt die Fliegerei so ziemlich jede freie Minute&nbsp; meines Lebens in Anspruch, sei es am Boden, in der Luft oder nur am ständigen weiterbilden in Theorie und Praxis. Als meine Tochter Katharina 2011 am Gardasee einen Tandemflug machte, war sie genau so infiziert wie ich und&nbsp; somit war für mich die Entscheidung gefallen, diese Gefühl der Freiheit und Gelassenheit auch anderen geben zu wollen und so kam es schlussendlich zum Tandemmaster.</p>
<p>Wenn es mal nicht zum fliegen geht, arbeite ich als IT´ler oder bin&nbsp; draußen zum Laufen, Schwimmen, Wandern oder ganz im Gegensatz zur Fliegerei&nbsp; &#8222;unter Wasser&#8220; beim Tauchen.</p>

<p>Servus und schön dass Du vorbeischaust, mein Name ist Gernot (Akronot). 2009 kam ich&nbsp; zufällig zu einem Schnupperkurs und hatte sofort die Fliegerei für mich entdeckt. Seither nimmt die Fliegerei so ziemlich jede freie Minute&nbsp; meines Lebens in Anspruch, sei es am Boden, in der Luft oder nur am ständigen weiterbilden in Theorie und Praxis. [&hellip;]</p>
